highest common divisor of 59 and 2714.
59
Calculate the highest common divisor of 4100 and 100.
100
What is the greatest common factor of 1052 and 1841?
263
What is the highest common divisor of 17 and 8211?
17
What is the greatest common divisor of 815 and 5?
5
What is the greatest common factor of 22 and 10714?
22
Calculate the greatest common divisor of 78 and 10.
2
What is the greatest common divisor of 21 and 273?
21
What is the highest common divisor of 1664 and 156?
52
Calculate the greatest common divisor of 150 and 12.
6
Calculate the greatest common factor of 63 and 81.
9
Calculate the greatest common divisor of 15180 and 66.
66
Calculate the highest common factor of 250 and 3125.
125
What is the greatest common divisor of 104 and 182?
26
Calculate the highest common divisor of 8280 and 168.
24
What is the greatest common divisor of 21 and 203?
7
What is the highest common factor of 80 and 48?
16
What is the greatest common factor of 1206 and 36?
18
What is the greatest common factor of 464 and 1508?
116
What is the greatest common divisor of 1 and 1?
1
What is the highest common divisor of 455 and 364?
91
Calculate the highest common factor of 2 and 2.
2
What is the highest common divisor of 9 and 99?
9
What is the greatest common factor of 9 and 153?
9
Calculate the greatest common factor of 42 and 266.
14
Calculate the highest common divisor of 10070 and 190.
190
Calculate the greatest common factor of 136 and 34.
34
Calculate the highest common divisor of 19311 and 123.
123
Calculate the highest common factor of 8792 and 112.
56
Calculate the greatest common divisor of 16 and 4.
4
Calculate the highest common factor of 12 and 492.
12
Calculate the greatest common factor of 752 and 47.
47
Calculate the greatest common factor of 924 and 2211.
33
What is the greatest common factor of 4 and 118?
2
What is the greatest common factor of 90 and 150?
30
What is the greatest common divisor of 1593 and 9?
9
What is the greatest common factor of 69 and 3427?
23
Calculate the highest common divisor of 66 and 48.
6
What is the highest common divisor of 56 and 17896?
8
Calculate the greatest common factor of 63 and 140.
7
What is the highest common factor of 5977 and 215?
43
Calculate the greatest common factor of 15500 and 75.
25
What is the highest common divisor of 78 and 12?
6
What is the greatest common divisor of 124 and 3534?
62
Calculate the highest common divisor of 229 and 6641.
229
Calculate the greatest common factor of 567 and 1638.
63
What is the greatest common factor of 8176 and 8?
8
What is the greatest common factor of 180 and 45?
45
Calculate the highest common divisor of 312 and 372.
12
Calculate the highest common divisor of 1161 and 144.
9
Calculate the highest common divisor of 240 and 15.
15
Calculate the highest common divisor of 310 and 248.
62
Calculate the highest common factor of 504 and 5229.
63
Calculate the greatest common factor of 312 and 2136.
24
Calculate the highest common factor of 690 and 3335.
115
Calculate the highest common divisor of 40 and 50.
10
Calculate the greatest common divisor of 80 and 1840.
80
Calculate the highest common divisor of 3 and 1461.
3
Calculate the greatest common factor of 1007 and 1216.
19
What is the greatest common divisor of 416 and 160?
32
What is the highest common divisor of 75 and 300?
75
Calculate the greatest common factor of 724 and 8.
4
What is the greatest common factor of 30 and 12?
6
Calculate the highest common divisor of 750 and 60.
30
What is the highest common divisor of 2046 and 62?
62
What is the highest common divisor of 572 and 559?
13
Calculate the highest common divisor of 480 and 90.
30
Calculate the highest common divisor of 1666 and 68.
34
What is the greatest common factor of 1813 and 147?
49
Calculate the greatest common divisor of 763 and 14.
7
What is the greatest common divisor of 533 and 1189?
41
Calculate the highest common divisor of 83808 and 16.
16
Calculate the greatest common divisor of 118 and 354.
118
Calculate the greatest common factor of 240 and 552.
24
What is the greatest common factor of 798 and 273?
21
Calculate the greatest common divisor of 36991 and 213.
71
What is the highest common divisor of 78 and 60?
6
Calculate the highest common divisor of 16 and 76.
4
What is the greatest common divisor of 6 and 786?
6
Calculate the highest common factor of 86 and 4429.
43
Calculate the highest common factor of 726 and 2783.
121
Calculate the highest common divisor of 305 and 1037.
61
What is the highest common factor of 715 and 11?
11
Calculate the highest common divisor of 88 and 5038.
22
Calculate the greatest common factor of 80 and 70.
10
What is the highest common divisor of 4324 and 184?
92
Calculate the highest common divisor of 116 and 899.
29
What is the highest common factor of 542 and 271?
271
What is the greatest common factor of 144 and 1206?
18
Calculate the greatest common factor of 9797 and 194.
97
What is the highest common divisor of 13756 and 152?
76
Calculate the highest common factor of 70 and 770.
70
What is the greatest common divisor of 36 and 372?
12
What is the greatest common divisor of 5121 and 9?
9
What is the greatest common divisor of 15 and 285?
15
What is the greatest common factor of 259 and 703?
37
Calculate the highest common divisor of 38 and 1102.
38
What is the greatest common factor of 126 and 18?
18
What is the highest common factor of 152 and 5206?
38
Calculate the highest common divisor of 19070 and 40.
10
Calculate the greatest common factor of 80 and 5960.
40
Calculate the highest common factor of 480 and 3624.
24
Calculate the highest common factor of 194 and 16199.
97
What is the highest common divisor of 6426 and 702?
54
What is the greatest common divisor of 64 and 288?
32
What is the greatest common factor of 64 and 512?
64
Calculate the greatest common divisor of 54 and 54.
54
What is the highest common divisor of 6345 and 135?
135
Calculate the highest common divisor of 18 and 288.
18
What is the highest common factor of 61 and 671?
61
Calculate the greatest common divisor of 900 and 540.
180
Calculate the highest common divisor of 141 and 63591.
141
Calculate the highest common divisor of 4118 and 116.
58
Calculate the highest common divisor of 7 and 1169.
7
What is the highest common divisor of 36892 and 46?
46
What is the greatest common factor of 322 and 42?
14
Calculate the highest common factor of 23 and 437.
23
Calculate the highest common divisor of 99 and 297.
99
What is the greatest common divisor of 26802 and 18?
18
Calculate the greatest common factor of 516 and 12.
12
Calculate the greatest common factor of 833 and 85.
17
What is the greatest common factor of 36 and 2826?
18
Calculate the greatest common factor of 588 and 12.
12
Calculate the greatest common factor of 5066 and 2235.
149
What is the greatest common divisor of 680 and 884?
68
Calculate the highest common factor of 114 and 2451.
57
Calculate the greatest common factor of 1467 and 815.
163
What is the greatest common divisor of 1452 and 24?
12
What is the highest common factor of 51 and 629?
17
Calculate the highest common divisor of 2520 and 112.
56
Calculate the greatest common factor of 140 and 28.
28
Calculate the highest common divisor of 15 and 38805.
15
Calculate the highest common divisor of 725 and 58.
29
What is the highest common factor of 180 and 8838?
18
Calculate the greatest common divisor of 8415 and 11.
11
What is the highest common factor of 10 and 8630?
10
Calculate the greatest common divisor of 759 and 276.
69
What is the highest common factor of 160 and 28?
4
Calculate the highest common factor of 20 and 3580.
20
What is the highest common factor of 156 and 130?
26
What is the highest common divisor of 306 and 18?
18
Calculate the greatest common factor of 783 and 162.
27
Calculate the greatest common factor of 15 and 25.
5
Calculate the greatest common divisor of 200 and 8.
8
Calculate the highest common factor of 1944 and 8.
8
Calculate the highest common divisor of 2470 and 130.
130
What is the greatest common divisor of 1370 and 340?
10
Calculate the highest common divisor of 459 and 51.
51
What is the greatest common divisor of 12 and 1356?
12
What is the highest common divisor